he prime factors of o(2).
23
Let q = -4 + 7. Let a = 13 + q. List the prime factors of a.
2
Let n = -25 + 35. Let h = n - 3. Let r = h - -3. List the prime factors of r.
2, 5
Suppose -k - 4*r = -16, 3*k + 0 = 2*r - 8. Suppose k = -5*c + 3 + 37. What are the prime factors of c?
2
Suppose 0 = -4*t + 21 - 61. What are the prime factors of (75/t)/(2/(-4))?
3, 5
Suppose -3*r = a - 2*a + 240, -4*a = 4*r - 1008. What are the prime factors of a?
3, 83
Let z be ((-9)/(-6))/(6/44). Suppose -2*g - z = 2*x - 7*x, 4*g = -2*x + 14. Suppose 3*i - 15 = 8*i, g*s - 7 = -5*i. What are the prime factors of s?
11
Let l(s) = 4*s**2 - 9*s + 37. List the prime factors of l(-7).
2, 37
Suppose -q - 29 = -0*q. Let t = -35 + 14. Let k = t - q. List the prime factors of k.
2
List the prime factors of 229/7 + (-2)/(-7).
3, 11
Suppose -o = 5*v + 4*o - 30, 3*v - 5*o + 6 = 0. Suppose -4*b + 26 = 2*s, 5*b - 41 = -v*s - 8. Let n = b + -2. List the prime factors of n.
2
Let s = -7 + 4. Let l be (12/(-9) - -1)*-9. What are the prime factors of 2 + s + l/1?
2
What are the prime factors of (1 - 13)*35/(-10)?
2, 3, 7
Suppose -4*m + 18 = n, 0 = -4*n - 2*m + m + 42. Let v = -4 + n. What are the prime factors of v?
2, 3
Suppose 4*j - 23 - 13 = 0. Suppose 3*r = 2*k - 12, 3*r + 0*k - 3*k = -9. Let b = r + j. What are the prime factors of b?
3
Let q = 44 - 22. Suppose j + 6 = q. List the prime factors of j.
2
Let o(i) = 4*i - 4. Let y be o(3). Let w(t) be the first derivative of -t**4/4 + 7*t**3/3 + 5*t**2 - 6*t + 2. List the prime factors of w(y).
2, 5
Let g(l) = 3*l + 11. List the prime factors of g(6).
29
Suppose 4*w + 48 = 7*w. List the prime factors of w.
2
Let q be ((-2)/4)/(2/(-20)). Suppose 8*y - 2*v = 3*y + q, -4*y = v - 17. What are the prime factors of y?
3
Let w be (7 - 2)*(-21)/(-5). Suppose 0 = -4*s - w + 61. Suppose -s + 2 = -c. List the prime factors of c.
2
Suppose 0 = v + 4*v - 170. List the prime factors of v.
2, 17
Let o(q) = 2*q + 18. Let k be o(-9). Suppose k = -2*l + 29 + 17. List the prime factors of l.
23
Let a be (-13 - -3) + 1 + 0. Let z = 18 + a. What are the prime factors of z?
3
What are the prime factors of (-3)/((-6)/(-5))*-70?
5, 7
Let g = 20 - 14. What are the prime factors of g?
2, 3
Suppose c - 3*c = 0. Suppose c = -3*p - 10 + 43. List the prime factors of p.
11
Let l(q) = -q**2 + 12*q - 5. Let r be l(3). Suppose 0 = -d + v + 1, -4*d = -v - 3 - 4. What are the prime factors of (d + -3)/((-2)/r)?
11
Suppose 5*t - 3 = 12. Suppose 1 = -2*g + t. List the prime factors of 8 + -2*(0 - g).
2, 5
What are the prime factors of -2 - ((-96)/4 + -1)?
23
What are the prime factors of -1 + 2*124/8?
2, 3, 5
Let l be (-3436)/(-22) - 24/132. Suppose 0*m = -4*m + l. What are the prime factors of m?
3, 13
Let f be 1 + (-9)/(-3) + 1. Suppose k = -4*c + 19, -f*k - 6*c + c + 65 = 0. What are the prime factors of k?
11
Let r(p) = 2*p + 16. Let i be r(-8). Suppose 2*l + 72 = 5*w + 19, -w + 4*l + 25 = i. List the prime factors of w.
3
Let p(r) = r**2 - 19*r - 9. List the prime factors of p(20).
11
Let l be (1/1*-5)/(-1). Suppose -2*x - 2*s = -8, x + 3 - 7 = -l*s. Suppose 2*h + 16 = x*h. List the prime factors of h.
2
Let z = 1 - 5. Let s = z + 7. List the prime factors of s.
3
Let g(t) = -8*t**3 + t**2 + 2*t + 1. Let o(w) = -w - 2. Let p be o(-4). Suppose 4*k - 5 = p*m + m, 5*k + 20 = -5*m. List the prime factors of g(k).
2
Let f = 14 - 23. Suppose 4*y + 49 = 4*k + k, -4*k - 4*y + 32 = 0. What are the prime factors of (k/6)/(f/(-30))?
5
Let f(v) = v**3 + 2*v**2 - 2*v - 2. Let z be f(-2). Suppose -2*m - 16 = -z*g, -m - 3*m + 49 = 5*g. What are the prime factors of g?
3
Let c be -1*(-14)/(2 - 0). Suppose 0 = -4*p + 17 + c. What are the prime factors of p?
2, 3
Let v be (-6)/(-24) - (-26)/(-8). List the prime factors of (3 + (-9)/v)*1.
2, 3
Let x = 43 + -6. What are the prime factors of x?
37
Suppose 0 = -p + 4*b - 35, 0 = -p + 5*b - 10*b + 10. Let l = -7 - p. List the prime factors of l.
2
Suppose 5*l - 268 = -3*p + 308, 5*p + 5*l - 970 = 0. List the prime factors of p.
197
Let d = 1 + 4. Suppose d*u - 49 = -14. List the prime factors of u.
7
Suppose -752 = -4*x - 2*r, 5*x + r = 395 + 548. List the prime factors of x.
3, 7
Let x = 47 + -27. Suppose 3*f = -2*f. Suppose 4*q = -f*q + 4, 5*q = -3*v + x. List the prime factors of v.
5
Let r be 2/(-6) + (-14)/(-6). Suppose -s - q + 0 - 1 = 0, r*s = 2*q + 18. Suppose -4 = 2*u - s*u. What are the prime factors of u?
2
Let h(g) = 0*g - 2 + 2*g - 9*g**2 + 5*g**3 - 4*g**3. List the prime factors of h(9).
2
Suppose -3*w + 47 = 4*c - 662, w = -5*c + 878. List the prime factors of c.
5, 7
Let o(i) = 7*i. Let r be o(-2). Let g = r - -26. What are the prime factors of g?
2, 3
What are the prime factors of 114/5 - 36/45?
2, 11
Let o = 17 - -7. What are the prime factors of o?
2, 3
Suppose 0 = -l + 2*l. Let q = l - -2. List the prime factors of q.
2
Let m = -367 - -518. List the prime factors of m.
151
Let r(q) = q**2 - q + 7. Let g be r(5). Suppose -5*k = -0*k - 10. Suppose 2*b = -2*b - i + g, 3*b + k*i - 24 = 0. What are the prime factors of b?
2, 3
Suppose 0 = b - 6*b. Suppose -5*n + 18 = 2*s, 0*s - 3*s + 16 = 2*n. Let o = b + n. List the prime factors of o.
2
Let a(o) = o**2 + 7*o + 15. Let x(u) = -2*u**2 - 15*u - 29. Let t(h) = 5*a(h) + 3*x(h). What are the prime factors of t(-8)?
2
Suppose -3*y = 4*f, 0*f - 5*y - 35 = -5*f. Suppose 6 = 3*p - f*j, 3*p - 4*j + 1 = 7. List the prime factors of p.
2
Let d(p) = -4*p - 2. Let h(o) = 9*o + 5. Let f(j) = 7*d(j) + 3*h(j). List the prime factors of f(-9).
2, 5
Suppose 8*b - 3*b = -5. Let c = 7 + b. What are the prime factors of c?
2, 3
Let j(a) = -a**3 + 9*a**2 + a - 13. Let b be j(9). Let p = 4 + b. Suppose -2*r + 0*r + 10 = p. List the prime factors of r.
5
Let g = 106 - 49. List the prime factors of g.
3, 19
Let f = 198 - 95. List the prime factors of f.
103
Let q(l) = l**2 + 3*l + 4. Let a be q(-3). Suppose 7*m - 5*v - 1 = a*m, -v = 5*m - 39. What are the prime factors of m?
7
Suppose -3*z - 4*r + 10 + 10 = 0, 2*r = -2*z + 12. Let j = 7 - z. Suppose -j*s - 2*i + 24 = -0*i, 15 = 4*s - 3*i. List the prime factors of s.
2, 3
Suppose 3*n + 3*b + 2*b = 28, -n - 2*b + 10 = 0. Suppose -2*g + 6 + n = 0. Let d(o) = o**2 - 4*o + 9. What are the prime factors of d(g)?
3, 7
Suppose 0*d - 3*d - 66 = 0. Let r = 59 + d. List the prime factors of r.
37
Suppose a + 13 - 1 = 4*z, 5*z = 5*a. Suppose -a*i + 0*i + 16 = 0. What are the prime factors of i?
2
Let u(r) = -2*r - 1. Let c be u(-2). Suppose -2*d + c*z + 55 = 3*d, z - 5 = 0. List the prime factors of d.
2, 7
Let z = 16 - 13. What are the prime factors of 132/5 - z/(-5)?
3
Let y = -41 - -18. Let v(t) = 7*t + 8. Let k be v(-7). Let z = y - k. What are the prime factors of z?
2, 3
Suppose -3*z + 2*y + 136 = -268, 3*y = -5*z + 667. What are the prime factors of z?
2, 67
Let x(h) = h - h + 8 - 5*h + 3*h. What are the prime factors of x(-10)?
2, 7
Let p be ((-6)/(-4))/((-1)/2). Let j(m) = -2*m + 1. What are the prime factors of j(p)?
7
Let l(k) = -k**2 + 6*k + 3. Let i be l(6). Suppose -2*g - i + 1 = 0, 0 = -3*q - g + 29. What are the prime factors of q?
2, 5
Let a(t) = -t**3 - 3*t**2 + 4. List the prime factors of a(-3).
2
List the prime factors of (-7800)/(-135) + 2/9.
2, 29
Let j = 3 + 0. Suppose -j*w + 7*w + 20 = 0. Let l = 8 + w. List the prime factors of l.
3
Let v be 35/(-20)*(-1 + -3). Let s(z) = z**2 - 7*z + 7. Let p be s(v). Suppose o + a = 1, o - 5*a = 6 + p. List the prime factors of o.
3
Suppose -3*j = -2*x - 0*x + 369, -x = j - 182. List the prime factors of x.
3, 61
Let h(t) = t + 3. Suppose -5*x + 7 + 28 = 0. What are the prime factors of h(x)?
2, 5
Let z(o) be the first derivative of 2*o**2 - 4*o + 4. What are the prime factors of z(6)?
2, 5
Let t = -34 - -75. What are the prime factors of t?
41
Let d(o) = 5*o**2 + 2*o - 1. Let p be d(3). Let h = 85 - p. List the prime factors of h.
5, 7
Let x = 15 + 10. What are the prime factors of x?
5
Suppose 60 = 3*w - 2*l - 162, w - 5*l = 74. List the prime factors of w.
2, 37
Let a be (-2 + 6)/4 - 1. Suppose a*j + 140 = 4*j + 2*p, j + 2*p = 41. List the prime factors of j.
3, 11
Suppose -3 - 1 = -2*m, j + 3*m - 12 = 0. Let f(g) = 6*g - 3*g**2 + 3 + g**3 + 3*g - j*g**2 - g**2. What are the prime factors o